18*v**2 - 49*v**2 + d*v. Determine z(-10).
-6
Let g = 16 + -13. Suppose 5*m = -5*f + g - 33, 5*f = -3*m - 26. Let o(p) be the first derivative of p**4/4 + p**3 + p**2/2 - 1942. Calculate o(m).
2
Let i(f) = 4*f**2 - 2 + 9*f**2 + f + f**3 - 15*f**2. Suppose 11*k - 12*k = -3. Suppose -15 = -3*w, 16 - 5 = -2*p + k*w. Calculate i(p).
0
Let h = -101 - -102. Let b be -6*((h - 1) + 2/(-3)). Suppose -4*n + 44 = 5*g - 2*g, 52 = b*g + 4*n. Let x(y) = y**3 - 9*y**2 + 7*y + 6. Determine x(g).
-2
Let r be (-627)/(-132) - 1/(-4). Let z(k) = k**3 + k**2 - 1. Let j(s) = 6*s**3 + 2*s**2 - 8*s - 2. Let q(l) = r*z(l) - j(l). Calculate q(5).
-13
Let f(m) = -25*m**2 - m - 2. Let o be ((2/8)/(4/(-80)*-5))/(-1). Give f(o).
-26
Let m(h) = -2*h**3 + h**2 - 2*h + 1. Let s(z) = -9*z**3 + 4*z**2 - 18*z + 6. Let k(q) = 5*m(q) - s(q). Calculate k(4).
-17
Let b be 20/8*(3 + -1). Let j(l) be the first derivative of -l**2 + 4*l - 1780. What is j(b)?
-6
Let d(m) = -152 - 155 - 153 - 19*m + 605 - 151. Calculate d(-2).
32
Let u(o) be the second derivative of -1/3*o**3 - 1 - 64*o - 3*o**2 + 1/12*o**4. Calculate u(6).
18
Suppose 214*l = 138*l - 304. Let r(u) = -8*u**2 - 24*u + 13. Calculate r(l).
-19
Let j(v) = -4*v - 5 + 6 - 6. Let z be ((-84)/39 - -2) + 384/(-39). Let h be 4*z*(-1)/(-8). What is j(h)?
15
Let g(w) = w - 5. Suppose 38*q = 45*q - 21. Suppose q*n + s + 373 = 0, -4*s - 704 + 212 = 4*n. Let k = 125 + n. Calculate g(k).
-5
Let c(v) = -v**3 + 7*v**2 - 4*v - 3. Let x be (-27)/(-18)*-4 + 36/3. Calculate c(x).
9
Let q = 18752 - 18745. Let v = 6 - 3. Let k(y) = -4 + y**v - y - 8*y**2 + 0*y**3 + 9*y. Determine k(q).
3
Let d(x) = -6672049*x**3 + 0*x**2 - 3*x + x**2 + 6672051*x**3 - 1. Let r = 1 + -3. Determine d(r).
-7
Suppose -23 = 2*x - 27. Suppose -2*y - x*a = -982, 0 = -5*y - 6*a + 10*a + 2464. Let f(i) = i**2 - 4*i + 488 + i - y. What is f(5)?
6
Let x = 16 + -36. Let v = -23 - x. Let g(t) = t**2 + 2*t - 7. Let j(d) = -2*d**2 - 4*d + 16. Let q(a) = -9*g(a) - 4*j(a). Give q(v).
-4
Let h(s) = 383*s + 79. Let x(a) = 47*a. Let p(w) = -h(w) + 8*x(w). Calculate p(-9).
-16
Let v(i) = 3*i - 24. Suppose 1284*a - 120 = 1269*a. Determine v(a).
0
Let c be ((10/(-4))/(370/(-1184)))/((-4)/6). Let k(m) = m**2 + 21*m + 113. What is k(c)?
5
Suppose 4*t - 12*c + 11*c = 0, -16 = 4*c. Let y(s) = 2556*s**3 - 2*s**2 - 2547*s**3 + 3*s**2. Give y(t).
-8
Let i(g) = g**2 - 5*g - 1. Let o be 1/(4/(-48)*-6). Let m be (-4)/(-3 + 11)*-20. Suppose o*q = 2 + m. Give i(q).
5
Let d = -1742 + 1744. Let x(y) = -3*y**3 + 3*y**2 + 2*y + 1. Calculate x(d).
-7
Let u = -5 - -9. Let h(d) = 0*d + d + d + u - d**2. Let r(f) = 746*f + 28345. Let b be r(-38). Give h(b).
-11
Let y be -3*(-6)/54*-18. Let h be (-9)/(12 - y)*0/(-1). Let r(w) = w**2 + w + 21. Give r(h).
21
Let f(n) = -2*n**2 - 30*n - 15. Suppose -461*i = -199*i + 3930. Determine f(i).
-15
Let z(j) be the second derivative of 1/6*j**3 - j**2 + 214*j + 0. Give z(-1).
-3
Let v(l) = -4 + 106*l + 0 - 114*l. Let r(h) = 10*h + 5. Let n(o) = -5*r(o) - 6*v(o). Calculate n(4).
-9
Let j = 21822 - 21828. Let f(l) = -3*l - 8. Let h(y) = -6*y - 16. Let s = -2 - 3. Let w(a) = s*f(a) + 3*h(a). Give w(j).
10
Let j(y) = -26*y**3 + 5*y**2 + 11*y + 4. Let d(f) = 35*f**3 - 4*f**2 - 11*f - 6. Let w(q) = -3*d(q) - 4*j(q). What is w(-2)?
0
Let v(n) = 123*n - 1573. Let a(l) = -62*l + 784. Let u(w) = -7*a(w) - 3*v(w). What is u(12)?
11
Let i(w) = 1 - 8 - 1 + 2*w + 0 - 3. Give i(9).
7
Let w = -6738 - -6744. Let s(x) = x**3 - 8*x**2 + 10*x + 18. Give s(w).
6
Let l(y) = -49*y - 1176. Let v be l(-24). Let j(r) be the third derivative of v - 3*r**2 + 0*r - 1/12*r**4 - 1/6*r**3. Give j(-1).
1
Let w = -1 + 6. Let m(k) be the third derivative of k**5/60 - 5*k**4/24 + 7*k**3/6 - 4*k**2 - 4514. Determine m(w).
7
Let r be (-3 + 5/2)*-4. Let f(v) = -r*v**3 - 11 + 3 - v**3 + 2*v**3. Suppose -5*c + 7*c = -5*c. Give f(c).
-8
Let v(y) be the first derivative of -y**4 - y**2 + y + 105. Suppose -3*i + 4 = i. What is v(i)?
-5
Let z = -56 + 44. Let k be (-2 - (-9)/(-6))*z. Let p = k + -45. Let s(c) = 3*c**2 + 4*c + 1. Determine s(p).
16
Suppose -467 = -48*c + 61. Let h(p) be the first derivative of -1/3*p**3 - p + 5/2*p**2 + c. What is h(6)?
-7
Let p(k) = 29*k - 3. Let u = 35 + -33. Let a be p(u). Let f = a - 54. Let x(b) = -7*b**2. Give x(f).
-7
Let h(m) = -3*m**3 + m**2 + 1. Let o(r) = -r**3 - 6*r**2 + 2*r - 3. Let i(k) = 5*h(k) + o(k). Calculate i(-1).
15
Let i(r) = 2*r**2 + 31*r - 60*r + 32*r + 3 + r**3. Let o be i(-2). Let v(p) be the second derivative of p**5/20 + p**4/6 + p**3/6 + p**2/2 + 3*p. Give v(o).
-11
Let b(c) = -16*c + 62. Suppose 60*a = 12*a + 190 + 50. Determine b(a).
-18
Let f(u) = -2*u**2 + 8*u - 2. Let g(c) = -54*c + 380. Let o be g(7). Calculate f(o).
6
Let z(w) = w**2 - 7*w - 5. Let n = 465 + -465. Let f be (5/(-20) - n)*-24. Give z(f).
-11
Let n(g) = 4*g**2 - 1 - 1 + 2*g + 4*g**3 + 2*g - 5*g**3. Let l be 51/15 + 5/(175/21). Calculate n(l).
14
Let v be ((-56)/308 - (-4825)/220) + (-2)/(-8). Let b(y) = -y**3 + 22*y**2 + 3*y - 55. What is b(v)?
11
Let l(c) = 31*c**2 - 18*c - 7. Let w(u) = 5*u**2 - 4*u - 2. Let s(f) = l(f) - 6*w(f). Let t be (2 - (1 + 1))/(-2). Let m = -6 + t. Determine s(m).
5
Let i(r) be the third derivative of -11*r**2 - 1/24*r**4 + 0 + 3*r + 1/2*r**3. Determine i(-10).
13
Let c(x) = -3*x + 3 + x**2 + 4*x + 2*x. Let t(a) = 3988*a + 267192. Let h be t(-67). Give c(h).
7
Suppose 5*b - 6 = -158*m + 156*m, 2*b + 6 = -5*m. Let t(p) = p**2 - 4*p - 11. Calculate t(m).
1
Let h(z) be the first derivative of z**4/12 - 2*z**3 + 7*z**2/2 - 95*z + 38. Let t(k) be the first derivative of h(k). Determine t(10).
-13
Suppose x = -5*p + 14, 6*x - 8 = 2*p + 3*x. Let g(s) = 5 + 6 - s + s**2 - 18 + 0*s**p. Calculate g(3).
-1
Let q(s) = 1179 - 2*s**3 - 11*s + 4*s - 6*s**2 - 1176 + 0*s**2 + 3*s**3. Give q(5).
-57
Suppose 5*u - 389 = 226. Let l(n) = 7*n - 10*n**2 + n**3 - 233 + u + 113. Let f = 12 - 3. Give l(f).
-15
Let q(i) = 19*i + 70. Suppose 0 = 4*z + 5*c - 4, 32 = -4*z - 2*c + 6*c. Let n be q(z). Let s(g) = g**3 + 7*g**2 + 5*g - 11. What is s(n)?
-5
Let u(h) = -2*h**2 - 7*h - 3. Let b(c) = 5*c - 132. Let k be b(25). Let o(p) = -12*p - 89. Let i be o(k). Determine u(i).
-18
Let w(h) = -14*h + 4. Suppose 0 = -11*t + 1199 - 1166. Determine w(t).
-38
Let x(m) = -17 + 1254*m**2 + 40 - 20 - 1239*m**2. Determine x(-3).
138
Let r(c) = 2 + 4 + 3 - 7 + 5*c - 1 - c**2. What is r(6)?
-5
Let j(s) = 4*s + 30. Let m(t) = -58*t - 3375. Let x be m(-58). Determine j(x).
-14
Let u(m) = m**3 + 15*m**2 - 9*m - 132. Let j be u(-15). Let t(y) = -y**3 + 3*y**2 - 7*y. Determine t(j).
-21
Let y(r) = 1038 + r**2 - 551 - 12*r - 511. Give y(12).
-24
Let q = -5 + -2. Let v(z) be the third derivative of z**6/120 + z**5/10 - 3*z**4/8 - z**3/6 - 252*z**2 + 48. Calculate v(q).
13
Let n(m) = m**3 + 7*m**2 + 6*m + 4. Let v be n(-6). Let w(l) = v*l - 3 - 4*l + l. Let y be 14*(-870)/(-420) + -35. Calculate w(y).
-9
Let p(h) = h**2 - 14*h + 14. Let t(x) = -x + 1. Let l(m) = p(m) - 5*t(m). Let v = -16 + 20. Suppose -v*y + 1 = 5*w - 2, w - 23 = -4*y. What is l(y)?
-5
Let f(x) = -x. Let a(i) = i + 2. Let y(t) = a(t) + 4*f(t). Let m be (20/(-14) - 1628/(-924))*(9 + 3). Calculate y(m).
-10
Let y = 165 + -163. Suppose -y*s + g = -7*s - 22, 0 = -s + 2*g. Let d(p) = p**3 + 5*p**2 + 5*p - 1. What is d(s)?
-5
Suppose 4*g + 12 = 4*b, 3*g - 3*b - 21 = -6*b. Let k(w) = -2*w - 5 + 6 + w**3 - 2*w**g + 2. What is k(4)?
27
Let y = 452 + -442. Suppose y*m - 18 = -88. Let j(o) = -o**2 - 6*o - 5. Determine j(m).
-12
Let p be 2/(-6) - 999/(-81). Let h(m) = -m + 17 + 2*m - p - m**2 - 6. What is h(3)?
-7
Let l(k) be the third derivative of -k**5/60 + k**4/3 + 7*k**3/6 - 25*k**2 - 16*k. Determine l(7).
14
Suppose -3*n = 15*u - 18*u + 15, u - 2 = -2*n. Let x(l) = -15*l. What is x(n)?
15
Let i(j) = -2*j**2 + 22*j + 8. Suppose 2*h - 10*u - 57 = -5*u, 0 = -15*h + 2*u + 179. Calculate i(h).
8
Let j(i) be the second derivative of i**5/20 + 5*i**4/4 + 17*i**3/6 + 8*i**2 + 56*i - 2. Let z = 601 - 615. Give j(z).
-26
Let b(w) = -41*w - 31*w - 8361 - 8274 + 16557. Give b(-1).
-6
Suppose -21*t + 7 = -20*t + 3*s, -14 = -2*t + 3*s. Let m(v) = 2*v**3 - 14*v**2 - 7*v**2 - t*v**3 + 4*v**3 + 16*v**2 + 5 + 2*v. What is m(-5)?
-5
Let v(y) = 4*y + 3*y**2 +